b be h(-1). Let z(l) be the third derivative of 8*l**2 + 1/24*l**b + 1/6*l**3 + 0*l + 0. What is z(-5)?
-4
Let n(z) = -1 + 2*z + 1 - 5 + 2*z. Let v = -140 + 144. Calculate n(v).
11
Let f(i) be the third derivative of i**6/720 + i**5/120 + 19*i**4/24 - 17*i**2. Let j(p) be the second derivative of f(p). Determine j(9).
10
Let h(l) = -l**3 + l**2 - l + 5. Suppose -5*z + 4*p + 12 = 0, -4*z + 0*z + p + 3 = 0. Let t = z - -3. Suppose -r = -t*r. Give h(r).
5
Let v be (-1)/4 + (-58)/(-8). Let b be 143/65 + (-2)/10. Let q(r) = 9 + 0*r + r - b*r + 0*r. What is q(v)?
2
Let c(t) be the first derivative of -t**4/2 - 7*t**3/3 + 4*t**2 + 9*t - 1. Let x(r) = 5*r**3 + 13*r**2 - 16*r - 19. Let q(b) = -7*c(b) - 3*x(b). Give q(9).
3
Let h(q) = 0 + 4*q + 10*q**2 + 3 - q**3 - 10*q**2 - q**2 - 2. Suppose 3 = 3*b, 5*t + 14 = -5*b + 4*b. Determine h(t).
7
Let x(s) = -11*s**3 - 5*s**2 - 8*s - 14. Let d(o) = 10*o**3 + 4*o**2 + 7*o + 12. Let a(u) = 7*d(u) + 6*x(u). Calculate a(1).
3
Let n(v) = -v**3 - 5*v**2 + 51*v + 7. Let b be n(-10). Let y(f) = 2*f + 4. Determine y(b).
-2
Let f(j) = -3*j + 1. Suppose 4*t + 3*a + 41 = 0, -2*t - a + 0 - 21 = 0. Let l = t - -13. Suppose -1 = r - 5*q, -2*q + q = l*r + 2. Determine f(r).
4
Let n(c) be the third derivative of -c**6/120 + c**5/20 - c**4/12 + c**3/6 + 26*c**2. Determine n(2).
1
Let z = -1367 - -1363. Let i(o) = 2 + 2*o**2 - o**2 - o**3 - 5*o**2. What is i(z)?
2
Let l(v) = v**2 - 5*v. Let x(f) = -4 + f**3 + 3 + f**2 + 2*f**3 + f. Let r be x(1). Let p = r + 2. Give l(p).
6
Let t(q) = -112*q + 219*q - 13*q**2 + q**3 - 10 - 120*q. Give t(14).
4
Let r(c) = -c**2 + c - 4. Let k be r(0). Let b(j) = 0*j**2 + 3*j**2 - 3 - 41*j - 2*j**2 + 44*j. Give b(k).
1
Let g(i) = -7*i - 67. Let o(f) = -10*f - 95. Let n(l) = -7*g(l) + 5*o(l). Suppose -4*b = -4, -d + 6*d - 5*b + 35 = 0. Calculate n(d).
0
Let v(g) be the first derivative of -g**3/6 + 7*g**2/2 - 4*g + 7. Let q(i) be the first derivative of v(i). What is q(0)?
7
Let p(s) = s**3 - 6*s**2 + 3*s - 5. Suppose 5*v + 9*v - 11368 = 0. Let x be v/145 + (-4)/(-10). What is p(x)?
13
Let o(b) = 6*b + 11*b - 1 + 22*b - 24*b. What is o(-1)?
-16
Let x(z) = 2. Let i(k) = 4*k + 7. Let y(q) = -i(q) + 2*x(q). What is y(-1)?
1
Suppose 0 = 94*u - 76*u + 144. Let h(d) = -d**2 - 10*d - 2. What is h(u)?
14
Let z = -86 - -81. Let i(w) = -2*w - 2 + 5*w - 2*w. Let h(k) = -k + 2. Let l(p) = z*h(p) - 6*i(p). What is l(4)?
-2
Let t = -78 - -82. Let g(p) = 7*p**2 + 13*p + 1 - 11*p + p**3 - 9*p - t. What is g(-8)?
-11
Let f = -6 - -6. Let o(q) = q + 6 + 4*q + f*q - 3*q. Suppose 0 = -5*g + 4*p + 4 - 21, -2*g = 3*p + 16. Give o(g).
-4
Suppose -17*w + 16*w - 5 = 0. Let a(x) = -x**3 - 9*x**2 - 2*x - 2. Let i(s) = s**3 + 10*s**2 + 3*s + 2. Let n(z) = -5*a(z) - 4*i(z). Calculate n(w).
12
Let w be (6 + -8)/(0 + 2). Let g(x) = -3 + 1 + 1 + x + 9*x. Give g(w).
-11
Let y(h) = -12*h**2 - 32*h + 1. Let u(i) = i**2 + 6*i. Let n(j) = 5*u(j) + y(j). Determine n(-3).
-56
Let u(b) = 10 - 8 - 1 + b - 4. Determine u(3).
0
Let k(f) = -2*f + 1. Let j(d) = -d + 1. Let w(p) = 3*j(p) - 2*k(p). Suppose o = 2*o - t + 74, 2*o = t - 146. Let m = o - -66. Determine w(m).
-5
Let k be (1/(-4))/(-1) + (-66)/(-88). Let p(a) = 4 + 0*a - a - a - 5. Give p(k).
-3
Let y(l) = -l - 5. Let u(k) = -k**3 + 7*k**2 + 4*k - 2. Let z be u(8). Let o be z/(-8) + 39/52. Determine y(o).
-10
Let l(o) = 2*o + 7. Let p = -20 + 22. Suppose 12 = 4*j + 2*h - 4*h, 0 = -2*j - p*h + 12. Suppose 0 = j*g - g + 15. Calculate l(g).
-3
Let c(m) be the second derivative of 3*m**5/10 - m**3/6 - 2*m. Let b(k) = -k**3 + k + 1. Let q be b(-1). Let i be (-2 + (2 - 1))*q. What is c(i)?
-5
Let r(d) = d - 2. Let w(x) = -x**2 + 12*x + 15. Let h be w(13). Suppose 3*v + 2*v + 26 = h*q, -q - 4*v - 13 = 0. Suppose 0 = a + q + 2. What is r(a)?
-7
Let t(d) be the third derivative of 0*d + 0 + 1/24*d**4 + 7/6*d**3 + 26*d**2. What is t(-3)?
4
Let c(n) = 3*n + 3. Suppose -4*l - 5 = 3*y, -2 = 3*l + 5*y - 1. Let f be c(l). Let x(p) = 4*p + 3. Let s(z) = 3*z + 3. Let d(o) = f*s(o) + 2*x(o). Give d(-5).
2
Let s(t) = -12*t**3 + 17*t**2 + 7*t - 2. Let q(o) = -7*o**3 + 10*o**2 + 4*o - 1. Let h(w) = -7*q(w) + 4*s(w). What is h(2)?
-1
Let n be 6/45 + (-88)/(-15). Let w be n/(-1 + (4 - 2)). Let j(m) = 11*m - 3 - 2 + w. Give j(-1).
-10
Let p be (-2 + (-40)/(-16))/(2/(-24)). Let j(a) = -a**3 - 5*a**2 + 7*a + 4. Determine j(p).
-2
Let c(a) = -a - 3. Let m be c(0). Let l(k) = -3*k**2 + 5*k + 8. Let w(r) = -14*r**2 + 16*r**2 + 0*r - r - 4*r - 7. Let t(u) = 4*l(u) + 5*w(u). Give t(m).
-6
Let q(j) = -3*j + 4. Let f(l) = 4*l - 4. Let o(z) = -4*f(z) - 5*q(z). Suppose -16*y + 28 = -23*y. Determine o(y).
0
Let p = 31 + -27. Let z(h) = -17*h + 1. Let n(m) = 9*m. Let l(s) = -5*n(s) - 3*z(s). What is l(p)?
21
Let c(s) = 36 + 30 - 74 - 2*s. Give c(-6).
4
Let x(f) = 2 - 4*f**2 - f**3 + 914*f - 4 - 915*f + 0. Determine x(-4).
2
Let l = -14383 + 14386. Suppose -6*a - 5*q = -a + 10, -3*q = 15. Let r(z) = 0*z**3 + 3*z + 3 + z**a - 2 - 4*z**2. Determine r(l).
1
Let k(u) be the third derivative of u**5/60 - u**4/4 - u**3 - 6*u**2 + u. Suppose 0*x + 18 = 3*x. Determine k(x).
-6
Suppose r + 3*r = -20. Let w be r/2 - (-4)/8. Let v(q) be the second derivative of -q**5/20 - q**4/4 - q**3/6 - 2*q + 25. Calculate v(w).
-2
Let y(l) be the second derivative of -l**4/12 + 13*l**3/6 + l**2 + 14*l + 2. Determine y(14).
-12
Suppose 0 = -l + 5*j + 56, 2*j + 20 = -3*j. Let g = -40 + l. Let b(c) = -2*c**2 - 2*c + 5. Calculate b(g).
-19
Let d(x) be the third derivative of x**5/120 + x**4/4 - x**3/6 - 14*x**2. Let b(r) be the first derivative of d(r). What is b(-6)?
0
Let c be (-2)/5 - 2/(-5). Let a(d) = 2*d + 97*d**2 + 3 + c*d - 99*d**2. Calculate a(4).
-21
Suppose 6*y - 492 = -84. Let p = y + -63. Let v(c) = -3*c - 7. What is v(p)?
-22
Let l be ((-2)/(-4))/(90/(-1980)). Let t(w) = 2*w + 10. Give t(l).
-12
Let u = 26 + -22. Let v(m) = -2 + 6*m**2 - m**3 + u*m - 4*m**2 + 3*m + 3*m**2. Suppose 9 = 3*p - 9. Give v(p).
4
Let h = -5 + -3. Let b(o) = -o - 13. Let i be b(h). Let y(q) be the second derivative of q**3/3 + 2*q**2 - q. What is y(i)?
-6
Let f(u) = -u - 7. Suppose -3*n - 9 = -15. Suppose 0 = -3*s - n*i + 8, 5*i = s + 2*i + 1. Let h be (-6)/3 - -1 - s. What is f(h)?
-4
Let r(d) = 2*d**2 + 4*d - 1. Let t be (-7)/((-21)/9) - 26. Let x = 20 + t. What is r(x)?
5
Let n(i) = -23*i + 4*i + 5 + 5*i + 11*i. Give n(4).
-7
Let z(m) be the second derivative of -m**4/12 + m**3/2 + 15*m**2/2 + 264*m. Give z(6).
-3
Suppose 0 = -10*q + 6*q - 3*m - 3, q - m - 8 = 0. Let s(x) = x**2 - x - 2. Calculate s(q).
4
Let c(b) be the second derivative of b**5/20 + 7*b**4/12 + 4*b**3/3 + b**2 - 381*b. Determine c(-5).
12
Let h = 202 + -206. Let b(k) be the second derivative of 1/3*k**3 + 5/2*k**2 - k + 0. Give b(h).
-3
Let q(f) be the first derivative of 3 - 7/3*f**3 + 1/24*f**4 + 0*f + 7/360*f**6 + 0*f**2 + 1/60*f**5. Let k(u) be the third derivative of q(u). Give k(-1).
6
Let h(s) be the first derivative of -3*s + 2*s**2 + 2*s**3 + 6*s**3 - 11*s**3 + 11 + 2*s**3. Give h(2).
-7
Let n(u) = 0 + 6*u - 11*u + u**3 - u**2 - 1 + 14*u - 7*u**2. Give n(6).
-19
Let z(t) = -t - 1. Suppose -75 = -5*i - 5*m, 0 = 2*i - 4*i - 5*m + 39. Let b = 6 - i. Calculate z(b).
5
Let d(n) = n**2 - 6*n - 4. Suppose 19*r - 112 = 3*r. Give d(r).
3
Let z(v) be the second derivative of v**4/12 + v**3 - 3*v**2/2 - v. Let g(j) = 30*j - 67. Let l be g(2). Determine z(l).
4
Let u = -4 + 10. Let z = u - 6. Suppose p + 3 = z, 5*p + 10 = 6*n - n. Let v(f) = 8*f + 1. Determine v(n).
-7
Let f = 3 - 5. Let h(n) be the first derivative of -n**2/2 - 5603. What is h(f)?
2
Let d(g) be the third derivative of 11*g**4/24 + g**3/6 - 55*g**2. Give d(-1).
-10
Let v(h) be the first derivative of -h**4/4 - h**3 - 2*h**2 - 3*h + 230. Suppose -12 + 3 = 3*z. What is v(z)?
9
Suppose 3*i - 5*q = 7*i - 29, 4*i - 24 = -4*q. Let j(z) be the second derivative of z**4/2 + z**3/6 - z**2/2 + 6*z. Calculate j(i).
6
Let n(l) = l**3 - 10*l**2 + 8*l + 13. Let k(h) = h**2 - 16. Let c = -12 + 7. Let r be k(c). Give n(r).
4
Let d(z) = 2*z**3 - 2*z**2 + z + 1. Let o(v) = v**3 + 19*v**2 - 22*v - 42. Let k be o(-20). Determine d(k).
-25
Let m(r) be the second derivative of -r**3/2 - 3*r**2/2 + 10*r - 12. Give m(-4).
9
Suppose -32 + 132